{"id":16,"date":"2023-02-08T15:10:15","date_gmt":"2023-02-08T14:10:15","guid":{"rendered":"https:\/\/tonlek.dev.rumforum.se\/dk\/?page_id=16"},"modified":"2026-03-30T21:03:06","modified_gmt":"2026-03-30T19:03:06","slug":"om-tonlek","status":"publish","type":"page","link":"https:\/\/www.tonlek.org\/dk\/om-tonlek\/","title":{"rendered":"Om T\u00f3nlek"},"content":{"rendered":"\n<p>T\u00f3nlek er et m\u00f8dested for unge strygere fra hele Norden, for musikere og p\u00e6dagoger og for musikorganisationer. P\u00e5 T\u00f3nlek f\u00e5r man venner fra hele Norden, og man bruger musikken som et f\u00e6lles sprog, vi leger med musikken, og samtidigt tager vi den dybt alvorligt. Du f\u00e5r sololektioner og mulighed tror at optr\u00e6de p\u00e5 koncert.Vores strygeorkester er inddelt i 3 niveauer for at passe til alle deltagere. Der er folkemusik og dans om aftenen, og den sidste aften er der Crazy Night, hvor alt er tilladt, is\u00e6r hvis det er sjovt.<\/p>\n\n\n\n<p>Navnet T\u00f3nlek betyder p\u00e5 svensk: leg med toner, mens det Islandske \u201ct\u00f3nleikur\u201d betyder koncert. Med andre ord et meget passende navn for det vi g\u00f8r<\/p>\n\n\n\n<h4 class=\"wp-block-heading\">Undervisning og <strong>l\u00e6rere<\/strong><\/h4>\n\n\n\n<p>P\u00e5 T\u00f3nlek f\u00e5r du individuelle lektioner hver dag. Der er mulighed for klaverakkompagnement til pr\u00f8ve og elevkoncert. Vores strygeorkester er inddelt i tre niveauer. Fra og med i \u00e5r (2023) har vi unge og voksne op til 25 \u00e5r med p\u00e5 kurset, og vores seniororkester spiller mere avanceret repertoire som kan udfordre b\u00e5de MGK og konservatoriestuderende.<\/p>\n\n\n\n<p><strong>Orkestrets tre niveauer:<\/strong><\/p>\n\n\n\n<ul class=\"wp-block-list\">\n<li><strong>Juniororkester<\/strong>&nbsp;\u2013 for de yngste<\/li>\n\n\n\n<li><strong>Camerata<\/strong> \u2013 det store inkluderende f\u00e6llesskab<\/li>\n\n\n\n<li><strong>Seniororkestern<\/strong> \u2013 or de ambiti\u00f8se \u00e6ldste med udfordrende repertoire.<\/li>\n<\/ul>\n\n\n\n<p>Alle l\u00e6rere er h\u00f8jt profilerede ud\u00f8vende musikere og p\u00e6dagoger. L\u00e6rerne kommer fra hele Norden, vi har samarbejdspartnere i samtlige Nordiske lande, bland annat&nbsp;Jeunesse&nbsp;Musicales&nbsp;i Norge, Harpa International Music Academy i Island, RUM &#8211; Riksf\u00f6rbundet Unga Musikanter i Sverige og Musik&nbsp;og&nbsp;Ungdom i Danmark.<\/p>\n\n\n\n<h4 class=\"wp-block-heading\"><strong>Koncerter<\/strong><\/h4>\n\n\n\n<p>Der vil v\u00e6re 1 l\u00e6rerkoncert og 2 elevkoncerter i l\u00f8bet af ugen, hvor man kan fyre sine solostykker af akkompagneret af en topprofessionel pianist. Derudover er der den store afsluttende orkesterkoncert fredag eftermiddag.<\/p>\n\n\n\n<h4 class=\"wp-block-heading\"><strong>Folkemusik<\/strong><\/h4>\n\n\n\n<p>Der er Nordisk folkemusik og dans hver aften med instruktion i b\u00e5de dans og spil af en \u00e6gte svensk Riksspillemand samt mulighed for de unges egne initiativer.<\/p>\n\n\n\n<h4 class=\"wp-block-heading\"><strong>Crazy Night<\/strong><\/h4>\n\n\n\n<p>Den sidste aften er de unges egen aften: det l\u00f8sslupne og humoristiske&nbsp; bliver sat fri, musikalsk underholdning af enhver art er velkommen, kun fantasien s\u00e6tter gr\u00e6nser. <\/p>\n\n\n\n<h4 class=\"wp-block-heading\"><strong>Mangfoldighed<\/strong>&nbsp;<\/h4>\n\n\n\n<p>Vi byder alle unge velkommen p\u00e5 T\u00f3nlek. I musikken m\u00f8der vi hinanden p\u00e5 tv\u00e6rs af alder, k\u00f8n, sprog eller sociale barrierer. Musikken er et emotionelt sprog og f\u00e6llesskab, ogs\u00e5 for s\u00e5rbare b\u00f8rn og unge. Orkestret er som en samfundsmodel: vi tager hver is\u00e6r ansvar, vi har medindflydelse, vi samarbejder og helheden bliver i musikken st\u00f8rre end summen af individer.<\/p>\n\n\n\n<h4 class=\"wp-block-heading\"><strong>M\u00f8dested<\/strong>&nbsp;for mange<\/h4>\n\n\n\n<p>T\u00f3nlek er s\u00e5ledes et m\u00f8dested for unge strygere fra hele Norden, for musikere og p\u00e6dagoger og for musikorganisationer. Det er samtidig et m\u00f8dested for engagerede for\u00e6ldre, fordi et antal for\u00e6ldre har mulighed for at kunne deltage som ledsagere til deres b\u00f8rn og dermed p\u00e5tage sig medansvar for de andre b\u00f8rn og unge.<\/p>\n\n\n\n<h4 class=\"wp-block-heading\">T\u00f3nlek tinget<\/h4>\n\n\n\n<p>For os er det vigtigt at alle deltagere som vil, kan p\u00e5virke b\u00e5de form og indhold p\u00e5 kurset. Giv din mening til kende i T\u00f3nlektinget hvis du vil v\u00e6re med til at p\u00e5virke.<\/p>\n\n\n\n<div style=\"height:28px\" aria-hidden=\"true\" class=\"wp-block-spacer\"><\/div>\n\n\n\n<div class=\"wp-block-columns is-layout-flex wp-container-core-columns-is-layout-9d6595d7 wp-block-columns-is-layout-flex\">\n<div class=\"wp-block-column is-layout-flow wp-block-column-is-layout-flow\">\n<figure class=\"wp-block-image size-large\"><a href=\"https:\/\/www.tonlek.org\/dk\/historien-bakom-tonlek\/\"><img loading=\"lazy\" decoding=\"async\" width=\"1024\" height=\"683\" src=\"https:\/\/www.tonlek.org\/dk\/wp-content\/uploads\/sites\/7\/2023\/03\/632346A9-4E6D-420E-B70D-C88BF370977D-1024x683.jpeg\" alt=\"\" class=\"wp-image-64\" srcset=\"https:\/\/www.tonlek.org\/dk\/wp-content\/uploads\/sites\/7\/2023\/03\/632346A9-4E6D-420E-B70D-C88BF370977D-1024x683.jpeg 1024w, https:\/\/www.tonlek.org\/dk\/wp-content\/uploads\/sites\/7\/2023\/03\/632346A9-4E6D-420E-B70D-C88BF370977D-300x200.jpeg 300w, https:\/\/www.tonlek.org\/dk\/wp-content\/uploads\/sites\/7\/2023\/03\/632346A9-4E6D-420E-B70D-C88BF370977D-768x512.jpeg 768w, https:\/\/www.tonlek.org\/dk\/wp-content\/uploads\/sites\/7\/2023\/03\/632346A9-4E6D-420E-B70D-C88BF370977D-1536x1024.jpeg 1536w, https:\/\/www.tonlek.org\/dk\/wp-content\/uploads\/sites\/7\/2023\/03\/632346A9-4E6D-420E-B70D-C88BF370977D-2048x1366.jpeg 2048w, https:\/\/www.tonlek.org\/dk\/wp-content\/uploads\/sites\/7\/2023\/03\/632346A9-4E6D-420E-B70D-C88BF370977D-930x620.jpeg 930w\" sizes=\"auto, (max-width: 1024px) 100vw, 1024px\" \/><\/a><\/figure>\n\n\n\n<div style=\"height:14px\" aria-hidden=\"true\" class=\"wp-block-spacer\"><\/div>\n\n\n\n<h4 class=\"wp-block-heading has-text-align-center\"><a href=\"https:\/\/www.tonlek.org\/dk\/historien-bag-tonlek\/\">Historie<\/a><\/h4>\n\n\n\n<p>Ideen med T\u00f3nlek er at skabe et samarbejde mellem deltagerne fra de nordiske lande med musik som et f\u00e6lles sprog<\/p>\n<\/div>\n\n\n\n<div class=\"wp-block-column is-layout-flow wp-block-column-is-layout-flow\">\n<figure class=\"wp-block-image size-large\"><img loading=\"lazy\" decoding=\"async\" width=\"1024\" height=\"683\" src=\"https:\/\/www.tonlek.org\/dk\/wp-content\/uploads\/sites\/7\/2023\/03\/B1F64B0D-1902-4B30-B91F-39147CB15AC2-1024x683.jpeg\" alt=\"\" class=\"wp-image-58\" srcset=\"https:\/\/www.tonlek.org\/dk\/wp-content\/uploads\/sites\/7\/2023\/03\/B1F64B0D-1902-4B30-B91F-39147CB15AC2-1024x683.jpeg 1024w, https:\/\/www.tonlek.org\/dk\/wp-content\/uploads\/sites\/7\/2023\/03\/B1F64B0D-1902-4B30-B91F-39147CB15AC2-300x200.jpeg 300w, https:\/\/www.tonlek.org\/dk\/wp-content\/uploads\/sites\/7\/2023\/03\/B1F64B0D-1902-4B30-B91F-39147CB15AC2-768x512.jpeg 768w, https:\/\/www.tonlek.org\/dk\/wp-content\/uploads\/sites\/7\/2023\/03\/B1F64B0D-1902-4B30-B91F-39147CB15AC2-1536x1024.jpeg 1536w, https:\/\/www.tonlek.org\/dk\/wp-content\/uploads\/sites\/7\/2023\/03\/B1F64B0D-1902-4B30-B91F-39147CB15AC2-2048x1366.jpeg 2048w, https:\/\/www.tonlek.org\/dk\/wp-content\/uploads\/sites\/7\/2023\/03\/B1F64B0D-1902-4B30-B91F-39147CB15AC2-930x620.jpeg 930w\" sizes=\"auto, (max-width: 1024px) 100vw, 1024px\" \/><\/figure>\n\n\n\n<div style=\"height:15px\" aria-hidden=\"true\" class=\"wp-block-spacer\"><\/div>\n\n\n\n<h4 class=\"wp-block-heading has-text-align-center\"><a href=\"https:\/\/www.tonlek.org\/dk\/vaerdigrundlag\/\">V\u00e6rdigrundlag<\/a><\/h4>\n\n\n\n<p>T\u00f3nlek st\u00e5r for en b\u00e6redygtig udvikling i Norden, for lighed og ligestilling samt for b\u00f8rn og unges ret til at blive h\u00f8rt, og f\u00e5 indflydelse p\u00e5 egen situation<\/p>\n<\/div>\n\n\n\n<div class=\"wp-block-column is-layout-flow wp-block-column-is-layout-flow\">\n<figure class=\"wp-block-image size-large\"><a href=\"https:\/\/www.tonlek.org\/dk\/tonlekstinget\/\"><img loading=\"lazy\" decoding=\"async\" width=\"1024\" height=\"683\" src=\"https:\/\/www.tonlek.org\/dk\/wp-content\/uploads\/sites\/7\/2023\/03\/DA90756E-670F-4F52-B37F-C0A0159EE8CA-1024x683.jpeg\" alt=\"\" class=\"wp-image-63\" srcset=\"https:\/\/www.tonlek.org\/dk\/wp-content\/uploads\/sites\/7\/2023\/03\/DA90756E-670F-4F52-B37F-C0A0159EE8CA-1024x683.jpeg 1024w, https:\/\/www.tonlek.org\/dk\/wp-content\/uploads\/sites\/7\/2023\/03\/DA90756E-670F-4F52-B37F-C0A0159EE8CA-300x200.jpeg 300w, https:\/\/www.tonlek.org\/dk\/wp-content\/uploads\/sites\/7\/2023\/03\/DA90756E-670F-4F52-B37F-C0A0159EE8CA-768x512.jpeg 768w, https:\/\/www.tonlek.org\/dk\/wp-content\/uploads\/sites\/7\/2023\/03\/DA90756E-670F-4F52-B37F-C0A0159EE8CA-1536x1024.jpeg 1536w, https:\/\/www.tonlek.org\/dk\/wp-content\/uploads\/sites\/7\/2023\/03\/DA90756E-670F-4F52-B37F-C0A0159EE8CA-2048x1366.jpeg 2048w, https:\/\/www.tonlek.org\/dk\/wp-content\/uploads\/sites\/7\/2023\/03\/DA90756E-670F-4F52-B37F-C0A0159EE8CA-930x620.jpeg 930w\" sizes=\"auto, (max-width: 1024px) 100vw, 1024px\" \/><\/a><\/figure>\n\n\n\n<div style=\"height:15px\" aria-hidden=\"true\" class=\"wp-block-spacer\"><\/div>\n\n\n\n<h4 class=\"wp-block-heading has-text-align-center\"><a href=\"https:\/\/www.tonlek.org\/dk\/tonlektinget\/\">T\u00f3nlektinget<\/a><\/h4>\n\n\n\n<p>T\u00f3nlektinget er forummet for dig som vil have indflydelse p\u00e5 kurset og aktiviteterne. Du tilmelder til T\u00f3nlektinget n\u00e5r du tilmelder dig til kurset.<\/p>\n<\/div>\n<\/div>\n","protected":false},"excerpt":{"rendered":"<p>T\u00f3nlek er et m\u00f8dested for unge strygere fra hele Norden, for musikere og p\u00e6dagoger og for musikorganisationer. P\u00e5 T\u00f3nlek f\u00e5r man venner fra hele Norden, og man bruger musikken som et f\u00e6lles sprog, vi leger med musikken, og samtidigt tager vi den dybt alvorligt. Du f\u00e5r sololektioner og mulighed tror at optr\u00e6de p\u00e5 koncert.Vores strygeorkester&hellip;&nbsp;<a href=\"https:\/\/www.tonlek.org\/dk\/om-tonlek\/\" rel=\"bookmark\"><span class=\"screen-reader-text\">Om T\u00f3nlek<\/span><\/a><\/p>\n","protected":false},"author":2,"featured_media":0,"parent":0,"menu_order":0,"comment_status":"closed","ping_status":"closed","template":"","meta":{"inline_featured_image":false,"neve_meta_sidebar":"","neve_meta_container":"","neve_meta_enable_content_width":"","neve_meta_content_width":0,"neve_meta_title_alignment":"","neve_meta_author_avatar":"","neve_post_elements_order":"","neve_meta_disable_header":"","neve_meta_disable_footer":"on","neve_meta_disable_title":"off","footnotes":""},"class_list":["post-16","page","type-page","status-publish","hentry"],"_links":{"self":[{"href":"https:\/\/www.tonlek.org\/dk\/wp-json\/wp\/v2\/pages\/16","targetHints":{"allow":["GET"]}}],"collection":[{"href":"https:\/\/www.tonlek.org\/dk\/wp-json\/wp\/v2\/pages"}],"about":[{"href":"https:\/\/www.tonlek.org\/dk\/wp-json\/wp\/v2\/types\/page"}],"author":[{"embeddable":true,"href":"https:\/\/www.tonlek.org\/dk\/wp-json\/wp\/v2\/users\/2"}],"replies":[{"embeddable":true,"href":"https:\/\/www.tonlek.org\/dk\/wp-json\/wp\/v2\/comments?post=16"}],"version-history":[{"count":55,"href":"https:\/\/www.tonlek.org\/dk\/wp-json\/wp\/v2\/pages\/16\/revisions"}],"predecessor-version":[{"id":889,"href":"https:\/\/www.tonlek.org\/dk\/wp-json\/wp\/v2\/pages\/16\/revisions\/889"}],"wp:attachment":[{"href":"https:\/\/www.tonlek.org\/dk\/wp-json\/wp\/v2\/media?parent=16"}],"curies":[{"name":"wp","href":"https:\/\/api.w.org\/{rel}","templated":true}]}}

Om Tónlek

<p>Tónlek er et mødested for unge strygere fra hele Norden, for musikere og pædagoger og for musikorganisationer. På Tónlek får man venner fra hele Norden, og man bruger musikken som et fælles sprog, vi leger med musikken, og samtidigt tager vi den dybt alvorligt. Du får sololektioner og mulighed tror at optræde på koncert.Vores strygeorkester er inddelt i 3 niveauer for at passe til alle deltagere. Der er folkemusik og dans om aftenen, og den sidste aften er der Crazy Night, hvor alt er tilladt, især hvis det er sjovt.</p>



<p>Navnet Tónlek betyder på svensk: leg med toner, mens det Islandske “tónleikur” betyder koncert. Med andre ord et meget passende navn for det vi gør</p>



<h4 class="wp-block-heading">Undervisning og <strong>lærere</strong></h4>



<p>På Tónlek får du individuelle lektioner hver dag. Der er mulighed for klaverakkompagnement til prøve og elevkoncert. Vores strygeorkester er inddelt i tre niveauer. Fra og med i år (2023) har vi unge og voksne op til 25 år med på kurset, og vores seniororkester spiller mere avanceret repertoire som kan udfordre både MGK og konservatoriestuderende.</p>



<p><strong>Orkestrets tre niveauer:</strong></p>



<ul class="wp-block-list">
<li><strong>Juniororkester</strong>&nbsp;– for de yngste</li>



<li><strong>Camerata</strong> – det store inkluderende fællesskab</li>



<li><strong>Seniororkestern</strong> – or de ambitiøse ældste med udfordrende repertoire.</li>
</ul>



<p>Alle lærere er højt profilerede udøvende musikere og pædagoger. Lærerne kommer fra hele Norden, vi har samarbejdspartnere i samtlige Nordiske lande, bland annat&nbsp;Jeunesse&nbsp;Musicales&nbsp;i Norge, Harpa International Music Academy i Island, RUM &#8211; Riksförbundet Unga Musikanter i Sverige og Musik&nbsp;og&nbsp;Ungdom i Danmark.</p>



<h4 class="wp-block-heading"><strong>Koncerter</strong></h4>



<p>Der vil være 1 lærerkoncert og 2 elevkoncerter i løbet af ugen, hvor man kan fyre sine solostykker af akkompagneret af en topprofessionel pianist. Derudover er der den store afsluttende orkesterkoncert fredag eftermiddag.</p>



<h4 class="wp-block-heading"><strong>Folkemusik</strong></h4>



<p>Der er Nordisk folkemusik og dans hver aften med instruktion i både dans og spil af en ægte svensk Riksspillemand samt mulighed for de unges egne initiativer.</p>



<h4 class="wp-block-heading"><strong>Crazy Night</strong></h4>



<p>Den sidste aften er de unges egen aften: det løsslupne og humoristiske&nbsp; bliver sat fri, musikalsk underholdning af enhver art er velkommen, kun fantasien sætter grænser. </p>



<h4 class="wp-block-heading"><strong>Mangfoldighed</strong>&nbsp;</h4>



<p>Vi byder alle unge velkommen på Tónlek. I musikken møder vi hinanden på tværs af alder, køn, sprog eller sociale barrierer. Musikken er et emotionelt sprog og fællesskab, også for sårbare børn og unge. Orkestret er som en samfundsmodel: vi tager hver især ansvar, vi har medindflydelse, vi samarbejder og helheden bliver i musikken større end summen af individer.</p>



<h4 class="wp-block-heading"><strong>Mødested</strong>&nbsp;for mange</h4>



<p>Tónlek er således et mødested for unge strygere fra hele Norden, for musikere og pædagoger og for musikorganisationer. Det er samtidig et mødested for engagerede forældre, fordi et antal forældre har mulighed for at kunne deltage som ledsagere til deres børn og dermed påtage sig medansvar for de andre børn og unge.</p>



<h4 class="wp-block-heading">Tónlek tinget</h4>



<p>For os er det vigtigt at alle deltagere som vil, kan påvirke både form og indhold på kurset. Giv din mening til kende i Tónlektinget hvis du vil være med til at påvirke.</p>



<div style="height:28px" aria-hidden="true" class="wp-block-spacer"></div>



<div class="wp-block-columns is-layout-flex wp-container-core-columns-is-layout-9d6595d7 wp-block-columns-is-layout-flex">
<div class="wp-block-column is-layout-flow wp-block-column-is-layout-flow">
<figure class="wp-block-image size-large"><a href="https://www.tonlek.org/dk/historien-bakom-tonlek/"><img loading="lazy" decoding="async" width="1024" height="683" src="https://www.tonlek.org/dk/wp-content/uploads/sites/7/2023/03/632346A9-4E6D-420E-B70D-C88BF370977D-1024x683.jpeg" alt="" class="wp-image-64" srcset="https://www.tonlek.org/dk/wp-content/uploads/sites/7/2023/03/632346A9-4E6D-420E-B70D-C88BF370977D-1024x683.jpeg 1024w, https://www.tonlek.org/dk/wp-content/uploads/sites/7/2023/03/632346A9-4E6D-420E-B70D-C88BF370977D-300x200.jpeg 300w, https://www.tonlek.org/dk/wp-content/uploads/sites/7/2023/03/632346A9-4E6D-420E-B70D-C88BF370977D-768x512.jpeg 768w, https://www.tonlek.org/dk/wp-content/uploads/sites/7/2023/03/632346A9-4E6D-420E-B70D-C88BF370977D-1536x1024.jpeg 1536w, https://www.tonlek.org/dk/wp-content/uploads/sites/7/2023/03/632346A9-4E6D-420E-B70D-C88BF370977D-2048x1366.jpeg 2048w, https://www.tonlek.org/dk/wp-content/uploads/sites/7/2023/03/632346A9-4E6D-420E-B70D-C88BF370977D-930x620.jpeg 930w" sizes="auto, (max-width: 1024px) 100vw, 1024px" /></a></figure>



<div style="height:14px" aria-hidden="true" class="wp-block-spacer"></div>



<h4 class="wp-block-heading has-text-align-center"><a href="https://www.tonlek.org/dk/historien-bag-tonlek/">Historie</a></h4>



<p>Ideen med Tónlek er at skabe et samarbejde mellem deltagerne fra de nordiske lande med musik som et fælles sprog</p>
</div>



<div class="wp-block-column is-layout-flow wp-block-column-is-layout-flow">
<figure class="wp-block-image size-large"><img loading="lazy" decoding="async" width="1024" height="683" src="https://www.tonlek.org/dk/wp-content/uploads/sites/7/2023/03/B1F64B0D-1902-4B30-B91F-39147CB15AC2-1024x683.jpeg" alt="" class="wp-image-58" srcset="https://www.tonlek.org/dk/wp-content/uploads/sites/7/2023/03/B1F64B0D-1902-4B30-B91F-39147CB15AC2-1024x683.jpeg 1024w, https://www.tonlek.org/dk/wp-content/uploads/sites/7/2023/03/B1F64B0D-1902-4B30-B91F-39147CB15AC2-300x200.jpeg 300w, https://www.tonlek.org/dk/wp-content/uploads/sites/7/2023/03/B1F64B0D-1902-4B30-B91F-39147CB15AC2-768x512.jpeg 768w, https://www.tonlek.org/dk/wp-content/uploads/sites/7/2023/03/B1F64B0D-1902-4B30-B91F-39147CB15AC2-1536x1024.jpeg 1536w, https://www.tonlek.org/dk/wp-content/uploads/sites/7/2023/03/B1F64B0D-1902-4B30-B91F-39147CB15AC2-2048x1366.jpeg 2048w, https://www.tonlek.org/dk/wp-content/uploads/sites/7/2023/03/B1F64B0D-1902-4B30-B91F-39147CB15AC2-930x620.jpeg 930w" sizes="auto, (max-width: 1024px) 100vw, 1024px" /></figure>



<div style="height:15px" aria-hidden="true" class="wp-block-spacer"></div>



<h4 class="wp-block-heading has-text-align-center"><a href="https://www.tonlek.org/dk/vaerdigrundlag/">Værdigrundlag</a></h4>



<p>Tónlek står for en bæredygtig udvikling i Norden, for lighed og ligestilling samt for børn og unges ret til at blive hørt, og få indflydelse på egen situation</p>
</div>



<div class="wp-block-column is-layout-flow wp-block-column-is-layout-flow">
<figure class="wp-block-image size-large"><a href="https://www.tonlek.org/dk/tonlekstinget/"><img loading="lazy" decoding="async" width="1024" height="683" src="https://www.tonlek.org/dk/wp-content/uploads/sites/7/2023/03/DA90756E-670F-4F52-B37F-C0A0159EE8CA-1024x683.jpeg" alt="" class="wp-image-63" srcset="https://www.tonlek.org/dk/wp-content/uploads/sites/7/2023/03/DA90756E-670F-4F52-B37F-C0A0159EE8CA-1024x683.jpeg 1024w, https://www.tonlek.org/dk/wp-content/uploads/sites/7/2023/03/DA90756E-670F-4F52-B37F-C0A0159EE8CA-300x200.jpeg 300w, https://www.tonlek.org/dk/wp-content/uploads/sites/7/2023/03/DA90756E-670F-4F52-B37F-C0A0159EE8CA-768x512.jpeg 768w, https://www.tonlek.org/dk/wp-content/uploads/sites/7/2023/03/DA90756E-670F-4F52-B37F-C0A0159EE8CA-1536x1024.jpeg 1536w, https://www.tonlek.org/dk/wp-content/uploads/sites/7/2023/03/DA90756E-670F-4F52-B37F-C0A0159EE8CA-2048x1366.jpeg 2048w, https://www.tonlek.org/dk/wp-content/uploads/sites/7/2023/03/DA90756E-670F-4F52-B37F-C0A0159EE8CA-930x620.jpeg 930w" sizes="auto, (max-width: 1024px) 100vw, 1024px" /></a></figure>



<div style="height:15px" aria-hidden="true" class="wp-block-spacer"></div>



<h4 class="wp-block-heading has-text-align-center"><a href="https://www.tonlek.org/dk/tonlektinget/">Tónlektinget</a></h4>



<p>Tónlektinget er forummet for dig som vil have indflydelse på kurset og aktiviteterne. Du tilmelder til Tónlektinget når du tilmelder dig til kurset.</p>
</div>
</div>

<p>Tónlek er et mødested for unge strygere fra hele Norden, for musikere og pædagoger og for musikorganisationer. På Tónlek får man venner fra hele Norden, og man bruger musikken som et fælles sprog, vi leger med musikken, og samtidigt tager vi den dybt alvorligt. Du får sololektioner og mulighed tror at optræde på koncert.Vores strygeorkester&hellip;&nbsp;<a href="https://www.tonlek.org/dk/om-tonlek/" rel="bookmark"><span class="screen-reader-text">Om Tónlek</span></a></p>
